17. What is u(d)?
-5
Let t(p) = -3*p + 3. Suppose 5*h - 728 + 698 = 0. Determine t(h).
-15
Let v(w) be the third derivative of w**2 + 1/60*w**5 + 4/3*w**3 + 0*w + 0 + 1/3*w**4. Let z be ((-8)/(-10))/(4 - 248/60). Determine v(z).
-4
Let c(m) = 0 + 7*m + 2 + 5 + m**2. Suppose 2*k - 2*l = -16, -12*l + 8*l + 2 = k. Determine c(k).
1
Let l(s) = -s**3 + s**2 - 5. Suppose 4*q + 13 + 15 = 4*i, -3*q = 4*i + 7. Suppose -5*f + 0*f + 8 = -i*z, -4*f - 5*z = 20. What is l(f)?
-5
Let h(y) = y**2 + 3*y + 2. Let d = 72 - 121. Let r = 44 + d. Determine h(r).
12
Let j(i) = i. Let v(z) = 2*z**2 - 9*z - 12. Let f be v(5). Let l(q) = -5*q - 11. Let n be l(f). Let k = n - 26. Calculate j(k).
-2
Suppose -9 = -57*r + 60*r. Let c(p) = -p**3 + 2*p**2 + 4*p - 1. Calculate c(r).
32
Let a(w) be the third derivative of 2 - 42*w**2 + 0*w**3 + 1/12*w**4 + 0*w. Let j be (4/(-6))/((-4)/6). What is a(j)?
2
Let p(n) be the third derivative of -4*n**6/15 + 2*n**2 + 4. What is p(-1)?
32
Let n(l) = -l - l + 1300 - 4*l - 1296. Give n(-4).
28
Let g(w) = 26*w. Let l(x) = -43*x - 2. Let a(m) = 5*g(m) + 3*l(m). Let p(n) = -3*n - 3. Let o be p(-4). Give a(o).
3
Let r(m) = m**2 - 5*m - 9. Suppose -b = -5*k + 3, -6*b = -4*b - 4*k - 6. Give r(b).
5
Let s(t) be the second derivative of t**5/20 - 2*t**4/3 + 5*t**3/6 - 5*t**2/2 - 96*t. Give s(7).
-19
Let z(y) = y + 3. Let b(j) = 4*j**2 - 12*j - 3. Let m be b(3). Determine z(m).
0
Suppose -3*p - 16 = -4*o, 2*o - 4*p - 18 = -5*p. Let y(g) = -g - 4. Let b be y(-5). Let r = o - b. Let w(m) = -m**2 + 8*m - 5. Calculate w(r).
7
Let r(u) = 124*u**2 - 14*u + 7. Let p(j) = -45*j**2 + 5*j - 3. Let h(d) = 11*p(d) + 4*r(d). Suppose 0 = -4*s - 4*v + 8, -4 + 0 = -2*v. Determine h(s).
-5
Let p(b) = 5*b**3 + 16*b**2 + 108*b + 2 - 90*b - 6*b**3 + 1. Give p(17).
20
Let j(w) be the first derivative of w**3/3 + 9*w**2/2 + 14. What is j(-7)?
-14
Let j = 17 + -14. Let c = -1 + j. Suppose -3*o - c*q = -2, o + 2*q = -1 + 3. Let i(s) = s**3 - s**2 + s + 5. Give i(o).
5
Let l(w) = -11*w + 3 - 27*w + w**2 + 42*w. Let v be 1/(-5) + 66/5. Suppose 3*j + 2 + v = 0. Calculate l(j).
8
Let p be ((-8)/(-10))/((-24)/60) + -1. Let m(y) = 6*y - 5. Determine m(p).
-23
Let w(g) = -g**2 - 9*g + 2. Let h be -2 + (-5 - -5) - 7. Determine w(h).
2
Let o = -2042 + 2036. Let l(w) = -w**3 - 4*w**2 + 6*w - 11. Calculate l(o).
25
Let z(f) = -12*f + 86. Let s be z(7). Let d(l) be the first derivative of -l**3 + 3 - 1/4*l**4 + 2*l + l**s. Calculate d(-4).
10
Let z(p) = -5 - 3*p**2 + 0 + 4 + 2*p**2. Let i = 0 + -5. Let m(q) = -4*q**2 - 4*q - 13. Let j(x) = i*z(x) + m(x). Determine j(6).
4
Let u(c) = -c**3 + c**2 - 2*c + 3. Let b be u(0). Let f(s) = 1 - 2*s + 2*s**3 + b*s**2 + 8*s**3 + 3*s**2 - 11*s**3. Determine f(6).
-11
Suppose -a + 0 = 12. Let o = -10 - a. Suppose v + u = 4 - o, -v - 2*u - 1 = 0. Let q(z) = z - 3. Give q(v).
2
Let i(g) = -16*g - 34. Let x(o) = -o**3 - 3*o**2 + 6*o - 7. Let d be x(-5). Let w(k) = -3*k + 3 + 3 - d. Let q(m) = -2*i(m) + 11*w(m). Calculate q(-5).
-4
Suppose 6*o = 2*o - 80. Let s be 65/o - (-4)/16. Let d(k) = 3*k - 4. Let b(v) = v - 1. Let w(x) = 6*b(x) - d(x). What is w(s)?
-11
Let s(d) = -2*d**3 + 3*d**2 + 8*d - 2. Let h be s(3). Let r(f) = f**3 + 6*f**2 + 5*f + 7. Give r(h).
7
Let l(s) = s**3 + 4*s**2 - 4*s + 4. Suppose -2*o - 83 = -x + 2*o, 2*x + o = 139. Suppose -12*r + 23 = x. Give l(r).
20
Suppose 2*w + 4*r = -r + 23, 0 = 5*w + 2*r - 5. Let d(b) = 7*b - 4. Let c(m) = -1 + 2*m - m + 8 - 8. Let u(x) = -5*c(x) + d(x). Calculate u(w).
-1
Let a(l) = -10*l**2 - 27*l + 19. Let v be a(-3). Let j(s) = s**3 - 9*s**2 - 8*s + 9. What is j(v)?
29
Let z(y) = -5*y**3. Let m be z(-1). Let d(s) = -m*s + 3*s + s - 4. Give d(-6).
2
Let k(d) be the third derivative of -d**5/60 + 7*d**4/24 + 5*d**2. Let l be k(7). Suppose l = 6*x - 7*x + 2. Let u(o) = 2*o**3 - 2*o + 2. Calculate u(x).
14
Suppose -6 = 10*m + 14. Let h(g) = 14*g + 3. Give h(m).
-25
Suppose 0 = 12*j - 15*j + 9. Let h(c) = -2*c + 2*c**2 + j*c + 6 + 2*c**3 - 5. What is h(-2)?
-9
Let v(a) = -a**2 + 7*a - 1. Suppose -k + 42 = 27. Suppose 4*t + k = 9*t. What is v(t)?
11
Let y = -650 + 659. Let b(t) = 2*t - 21. Give b(y).
-3
Let h(z) = -z**2 + 8*z + 2. Let c(g) = -g - 1. Let a(s) = 5*c(s) + h(s). Suppose -5*u - f + 11 = 0, -32 = -6*u + 2*u + 5*f. Determine a(u).
-3
Let s(h) be the second derivative of -h**3/3 - 21*h**2 - 4*h. Let c(p) = p + 17. Let f(n) = -12*c(n) - 5*s(n). Let y be f(5). Let l(k) = k - 1. Calculate l(y).
-5
Let t = -44 - -59. Suppose 3*d = -9, -3*r - t = 2*r + 5*d. Let j(m) = -m**2 + 16. Determine j(r).
16
Let g(x) = -5*x + 20. Let m(v) be the third derivative of v**4/12 - 7*v**3/6 - 23*v**2. Let b(z) = 3*g(z) + 8*m(z). Determine b(-2).
2
Suppose p + 3*d - 7 = 0, 11*p - 14*p = -2*d - 10. Let q(i) = 2*i**2 - 5*i + 4. Calculate q(p).
16
Suppose 0 = 4*c + 9*c + 143. Let y(f) = -f**3 - 11*f**2 - f - 10. Determine y(c).
1
Let n(v) = v. Let a(x) = 3*x**2 - 4*x - 15. Let c(m) = -a(m) - 6*n(m). Let g(f) be the first derivative of c(f). Determine g(2).
-14
Let t(v) = -11*v**3 - 5*v**2 + 30*v - 58. Let w(s) = -5*s**3 - s**2 + 15*s - 29. Let k(a) = -4*t(a) + 9*w(a). Determine k(12).
7
Let o(i) be the second derivative of i**3/2 + i**2/2 + 2*i. Let p(a) = -a**3 + a**2 + 17*a + 20. Let j be p(5). What is o(j)?
16
Let a(u) be the second derivative of u**4/12 - u**3/6 - u**2/2 - 312*u. Let i = 8 - 6. Suppose -i*r = -4*d + r + 7, 4*d + 2*r = -18. Give a(d).
5
Let f(h) = 3*h**2 - 5. Let x be f(2). Let b(c) = c**2 - 5*c - 2. Let k be b(x). Let o = -7 + k. Let t(i) = -i**3 + 6*i**2 - 5*i + 4. Determine t(o).
4
Let y(s) = 4 - 96*s - 5*s**2 - 98*s + 4*s**2 + 195*s. Calculate y(-3).
-8
Let l(f) = -4*f**3 - 2*f**2 + 9*f - 3*f + 3*f**3 - 2*f**2 - 3. Suppose 200*m - 197*m + 15 = 0. What is l(m)?
-8
Let z = -2 - -5. Suppose 4*w - 1 = z. Let l(n) = n**3 + 4*n**2 + 5*n + 4. Let i(a) = -a**2 - a - 1. Let h(m) = 4*i(m) + l(m). Calculate h(w).
2
Let g(q) = 6*q + 4. Let r be g(-3). Let b be ((-12)/r - 0)*7. Let t(d) be the first derivative of -d**3/3 + 5*d**2/2 + 5*d - 909. Give t(b).
-1
Let p(d) be the first derivative of -7/2*d**2 + 0*d - 16. Determine p(2).
-14
Let p(n) = -2*n**3 - 6*n**2 + n + 12. Let w(h) = -h**3 - 3*h**2 + 6. Let v(y) = 4*p(y) - 7*w(y). Let j(z) = z**3 - z**2 - 4. Let s be j(0). Give v(s).
6
Let j(m) = -m. Let n be (-1)/((2/(-6))/1). Suppose 4*y + 8 = -2*k + 7*k, -n*k + 6 = -3*y. Let p = y + 0. Determine j(p).
2
Let b(t) = -t**3 - t**2 + 5. Let d be b(0). Let c(q) = -3*q**3 - 3*q**2 - 7*q - 7. Let i(v) = 2*v**3 + v**2 + 4*v + 4. Let n(w) = -3*c(w) - 5*i(w). Give n(d).
-19
Let d be ((-1)/(-2)*-1)/((-4)/(-40)). Let z(r) = r**3 + 6*r**2 + 2*r - 3. What is z(d)?
12
Let c(f) = -29*f - 4. Let d(k) = -7*k - 1. Let r(x) = c(x) - 4*d(x). Let j be 1 + -1 - 3*-1. Let m be (-4)/j*(2 - -1). What is r(m)?
4
Suppose -35 = -5*w + 5*x, 0*w - 2*w = -3*x - 16. Suppose 409 = 58*j - 229. Suppose 8*m - 2*b + j = 3*m, w*b = -4*m - 22. Let a(i) = -i - 4. What is a(m)?
-1
Let z(d) be the first derivative of 0*d**4 + 4 - 1/10*d**5 + 1/2*d**2 + 1/6*d**3 - 3*d. Let c(g) be the first derivative of z(g). What is c(-2)?
15
Let a(w) = -w - 12. Suppose -3*h + 10 = 1. Let y be h/((-2)/(-3) - 1) - -3. Determine a(y).
-6
Let s(b) = 22*b**3 - 3*b**2 - 4*b - 1. Let c(o) = 2*o**3 - o**2 - o. Let k(u) = 4*c(u) - s(u). What is k(-1)?
14
Suppose 0*s - 8 = 3*o - s, 0 = 4*o - 5*s - 4. Let z(a) = a**3 + 6*a**2 + 6*a + 6. Give z(o).
14
Suppose -4*x - 3*i = -14, -1 - 7 = x - 5*i. Let w(d) = -7 + d - 5*d**2 + d**2 + 5*d**x + 16. Let t be (-4)/(2 + -4) - 2. Determine w(t).
9
Let z = 54/47 - 1061/1128. Let d(n) be the third derivative of -z*n**4 + 0 + 11*n**2 - 1/12*n**5 - 1/120*n**6 - 1/2*n**3 + 0*n. Calculate d(-3).
-6
Let w(o) = 8*o**2 + 7 - o**2 + 3*o**2 - 9*o - 9*o**2. Calculate w(7).
-7
Let o be (-4)/8 - 11/(-2). Suppose o*y + 4*q - 5 - 6 = 0, -5*y = -3*q - 18. Suppose -y*p - 12 = 6. Let t(m) = -m**2 - 8*m - 4. Give t(p).
8
Let i(j) = -31*j - 31*j + 2 + 68*j. What is i(1)?
8
Let f(r) = r**3 - r**2 - 8*r + 13. Let s(i) = 22*i + 200. Let b be s(-9). Determine f(b).
1
Let m(l) = -l**3 - 6*l**2 - l + 17. Let t be m(-5). Let o(z) = z - 1. Give o(t).
-4
Let z(t) = 13*t**2 + 6*t - 3. Let x(f) = f - 1. Let v(m) = 5*x(m) - z(m). Calculate v(2).
-56
Let o be 4